culate the remainder when 1715 is divided by 143.
142
Calculate the remainder when 3437 is divided by 31.
27
Calculate the remainder when 506 is divided by 13.
12
What is the remainder when 142 is divided by 74?
68
What is the remainder when 241 is divided by 75?
16
Calculate the remainder when 99 is divided by 34.
31
Calculate the remainder when 716 is divided by 155.
96
What is the remainder when 82 is divided by 43?
39
Calculate the remainder when 3381 is divided by 154.
147
What is the remainder when 290 is divided by 49?
45
Calculate the remainder when 706 is divided by 15.
1
What is the remainder when 736 is divided by 11?
10
What is the remainder when 290 is divided by 89?
23
Calculate the remainder when 6543 is divided by 55.
53
What is the remainder when 213 is divided by 36?
33
What is the remainder when 90 is divided by 48?
42
What is the remainder when 116 is divided by 53?
10
What is the remainder when 274 is divided by 225?
49
Calculate the remainder when 120 is divided by 63.
57
What is the remainder when 1364 is divided by 46?
30
What is the remainder when 1154 is divided by 7?
6
What is the remainder when 278 is divided by 28?
26
What is the remainder when 2837 is divided by 89?
78
Calculate the remainder when 839 is divided by 70.
69
What is the remainder when 1633 is divided by 543?
4
What is the remainder when 3292 is divided by 7?
2
What is the remainder when 277 is divided by 20?
17
What is the remainder when 201 is divided by 97?
7
What is the remainder when 322 is divided by 61?
17
What is the remainder when 3533 is divided by 104?
101
What is the remainder when 3262 is divided by 24?
22
Calculate the remainder when 156 is divided by 81.
75
What is the remainder when 63 is divided by 34?
29
Calculate the remainder when 591 is divided by 8.
7
Calculate the remainder when 75 is divided by 19.
18
Calculate the remainder when 700 is divided by 36.
16
Calculate the remainder when 163 is divided by 47.
22
Calculate the remainder when 596 is divided by 13.
11
What is the remainder when 1341 is divided by 668?
5
What is the remainder when 3171 is divided by 54?
39
What is the remainder when 511 is divided by 170?
1
What is the remainder when 447 is divided by 10?
7
Calculate the remainder when 101 is divided by 13.
10
What is the remainder when 6802 is divided by 84?
82
Calculate the remainder when 53 is divided by 40.
13
Calculate the remainder when 1153 is divided by 98.
75
What is the remainder when 20531 is divided by 116?
115
What is the remainder when 696 is divided by 211?
63
Calculate the remainder when 560 is divided by 21.
14
What is the remainder when 6945 is divided by 154?
15
Calculate the remainder when 27 is divided by 9.
0
What is the remainder when 813 is divided by 74?
73
What is the remainder when 129 is divided by 71?
58
What is the remainder when 3 is divided by 1?
0
Calculate the remainder when 163 is divided by 60.
43
What is the remainder when 1582 is divided by 45?
7
Calculate the remainder when 10232 is divided by 20.
12
What is the remainder when 704 is divided by 119?
109
Calculate the remainder when 266 is divided by 115.
36
What is the remainder when 356 is divided by 121?
114
What is the remainder when 849 is divided by 834?
15
What is the remainder when 561 is divided by 12?
9
What is the remainder when 2956 is divided by 1477?
2
Calculate the remainder when 245 is divided by 37.
23
Calculate the remainder when 399 is divided by 40.
39
What is the remainder when 348 is divided by 115?
3
What is the remainder when 207 is divided by 197?
10
What is the remainder when 251 is divided by 28?
27
What is the remainder when 112 is divided by 43?
26
What is the remainder when 52 is divided by 32?
20
Calculate the remainder when 22 is divided by 17.
5
What is the remainder when 3025 is divided by 506?
495
What is the remainder when 658 is divided by 10?
8
Calculate the remainder when 29 is divided by 23.
6
What is the remainder when 2636 is divided by 15?
11
What is the remainder when 601 is divided by 9?
7
What is the remainder when 155 is divided by 52?
51
What is the remainder when 146 is divided by 32?
18
Calculate the remainder when 274 is divided by 72.
58
Calculate the remainder when 194 is divided by 137.
57
Calculate the remainder when 141 is divided by 17.
5
What is the remainder when 10141 is divided by 17?
9
What is the remainder when 810 is divided by 29?
27
Calculate the remainder when 275 is divided by 33.
11
What is the remainder when 1453 is divided by 191?
116
What is the remainder when 143 is divided by 30?
23
Calculate the remainder when 45 is divided by 24.
21
Calculate the remainder when 81 is divided by 30.
21
Calculate the remainder when 489 is divided by 41.
38
What is the remainder when 415 is divided by 35?
30
What is the remainder when 3081 is divided by 4?
1
What is the remainder when 1732 is divided by 47?
40
Calculate the remainder when 3356 is divided by 240.
236
Calculate the remainder when 694 is divided by 36.
10
Calculate the remainder when 965 is divided by 138.
137
Calculate the remainder when 385 is divided by 30.
25
What is the remainder when 149 is divided by 11?
6
Calculate the remainder when 42 is divided by 25.
17
What is the remainder when 219 is divided by 4?
3
Calculate the remainder when 177 is divided by 10.
7
What is the remainder when 1319 is divided by 57?
8
Calculate the remainder when 1166 is divided by 239.
210
Calculate the remainder when 402 is divided by 108.
78
Calculate the remainder when 1535 is divided by 28.
23
Calculate the remainder when 1435 is divided by 206.
199
Calculate the remainder when 132 is divided by 38.
18
Calculate the remainder when 1148 is divided by 46.
44
What is the remainder when 138 is divided by 14?
12
Calculate the remainder when 540 is divided by 136.
132
Calculate the remainder when 2038 is divided by 52.
10
Calculate the remainder when 227 is divided by 119.
108
What is the remainder when 838 is divided by 169?
162
Calculate the remainder when 1975 is divided by 100.
75
What is the remainder when 983 is divided by 146?
107
Calculate the remainder when 596 is divided by 120.
116
What is the remainder when 91 is divided by 47?
44
Calculate the remainder when 919 is divided by 184.
183
What is the remainder when 75 is divided by 54?
21
Calculate the remainder when 80 is divided by 28.
24
Calculate the remainder when 89 is divided by 17.
4
Calculate the remainder when 2970 is divided by 119.
114
What is the remainder when 1042 is divided by 131?
125
What is the remainder when 197 is divided by 34?
27
Calculate the remainder when 312 is divided by 35.
32
What is the remainder when 183 is divided by 46?
45
What is the remainder when 1225 is divided by 29?
7
What is the remainder when 267 is divided by 67?
66
What is the remainder when 231 is divided by 52?
23
Calculate the remainder when 8523 is divided by 4255.
13
Calculate the remainder when 1823 is divided by 55.
8
Calculate the remainder when 354 is divided by 71.
70
What is the remainder when 6187 is divided by 182?
181
Calculate the remainder when 263 is divided by 91.
81
Calculate the remainder when 806 is divided by 73.
3
Calculate the remainder when 879 is divided by 177.
171
Calculate the remainder when 71 is divided by 30.
11
Calculate the remainder when 64 is divided by 23.
18
Calculate the remainder when 31207 is divided by 166.
165
Calculate the remainder when 2280 is divided by 132.
36
What is the remainder when 133 is divided by 79?
54
What is the remainder when 206 is divided by 101?
4
What is the remainder when 154 is divided by 42?
28
Calculate the remainder when 3356 is divided by 56.
52
What is the remainder when 1348 is divided by 191?
11
Calculate the remainder when 209 is divided by 54.
47
Calculate the remainder when 56 is divided by 18.
2
What is the remainder when 227 is divided by 43?
12
Calculate the remainder when 143 is divided by 51.
41
Calculate the remainder when 574 is divided by 32.
30
Calculate the remainder when 1045 is divided by 73.
23
What is the remainder when 2324 is divided by 180?
164
Calculate the remainder when 9746 is divided by 39.
35
Calculate the remainder when 172 is divided by 25.
22
What is the remainder when 437 is